{"id":292,"date":"2024-01-09T20:50:07","date_gmt":"2024-01-09T19:50:07","guid":{"rendered":"https:\/\/oneseal.eu\/home\/?page_id=292"},"modified":"2024-06-19T12:36:50","modified_gmt":"2024-06-19T10:36:50","slug":"privacy-governance","status":"publish","type":"page","link":"https:\/\/oneseal.eu\/home\/privacy-governance\/","title":{"rendered":"Privacy Governance"},"content":{"rendered":"<p><div class=\"fusion-fullwidth fullwidth-box fusion-builder-row-1 fusion-flex-container nonhundred-percent-fullwidth non-hundred-percent-height-scrolling\" style=\"--awb-border-radius-top-left:0px;--awb-border-radius-top-right:0px;--awb-border-radius-bottom-right:0px;--awb-border-radius-bottom-left:0px;--awb-flex-wrap:wrap;\" ><div class=\"fusion-builder-row fusion-row fusion-flex-align-items-flex-start fusion-flex-content-wrap\" style=\"max-width:1248px;margin-left: calc(-4% \/ 2 );margin-right: calc(-4% \/ 2 );\"><div class=\"fusion-layout-column fusion_builder_column fusion-builder-column-0 fusion_builder_column_1_1 1_1 fusion-flex-column\" style=\"--awb-bg-blend:overlay;--awb-bg-size:cover;--awb-width-large:100%;--awb-margin-top-large:0px;--awb-spacing-right-large:1.92%;--awb-margin-bottom-large:0px;--awb-spacing-left-large:1.92%;--awb-width-medium:100%;--awb-spacing-right-medium:1.92%;--awb-spacing-left-medium:1.92%;--awb-width-small:100%;--awb-spacing-right-small:1.92%;--awb-spacing-left-small:1.92%;\"><div class=\"fusion-column-wrapper fusion-flex-justify-content-flex-start fusion-content-layout-column\"><div class=\"fusion-text fusion-text-1\" style=\"--awb-text-color:var(--awb-color7);\"><p style=\"text-align: center;\">DPO e Privacy Specialist di OneSeal per fornire soluzioni all&#8217;avanguardia, pratiche ed efficaci nel complesso universo del GDPR e della sicurezza informatica, non importa quanto piccola o grande sia la tua Organizzazione.<\/p>\n<\/div><div id=\"servicesContainer\">\n    <div class=\"servicebox\">\n        <img decoding=\"async\" class=\"serviceimg\" src=\"\/wp-content\/uploads\/2024\/01\/Pic.png\" \/>\n        <div class=\"service\">\n            <span class=\"titolo\"> GDPR Compliance <\/span>\n            <p class=\"anteprima\">\n                Dal data mapping alla predisposizione del MOP (Modello Organizzativo Privacy), passando attraverso la definizione delle procedure di privacy governance\n            <\/p>\n            <p class=\"descrizione\">\n               Con la nostra consulenza, GDPR Compliance Consulting, la tua organizzazione sar\u00e0 conforme alla normativa privacy in modo completo e sicuro. Dopo una Gap Analysis iniziale, volta all\u2019identificazione di eventuali non conformit\u00e0 organizzative, tecnologiche, procedurali e formative, definiremo un Action Plan personalizzato per colmare lacune, risolvere criticit\u00e0 e raggiungere la piena conformit\u00e0 al GDPR. Gli aggiornamenti costanti che ti forniremo, ti terranno al passo con le ultime novit\u00e0 normative. Eviterai sanzioni e violazioni dei dati. Aumenterai la fiducia di clienti e partner.\n            <\/p>\n        <\/div>\n    <\/div>\n    <div class=\"servicebox\">\n        <img decoding=\"async\" class=\"serviceimg\" src=\"\/wp-content\/uploads\/2024\/01\/Pic-1.png\" \/>\n        <div class=\"service\">\n            <span class=\"titolo\"> DPO <\/span>\n            <p class=\"anteprima\">\n                Servizi DPO modulati sulle dimensioni ed esigenze dei Clienti \n            <\/p>\n            <p class=\"descrizione\">\n                I nostri servizi DPO sono disegnati sulle concrete esigenze della realt\u00e0 aziendale e vengono prestati da risorse senior di comprovata conoscenza specialistica della normativa e delle prassi in materia di protezione dei dati. \n                Il DPO si occupa di monitorare il corretto allineamento del Modello Organizzativo Privacy alla normativa di riferimento (GDPR in primis) anche mediante audit; \n                di affiancare l\u2019Azienda nelle ispezioni del Nucleo Privacy Guardia di Finanza e nelle richieste pervenute dal Garante Privacy; \n                affiancare l\u2019Azienda in caso di data breach o necessit\u00e0 di una DPIA (Valutazione d\u2019impatto sulla protezione dei dati personali). \n                Garantisce, inoltre, pareri e rapide soluzioni riguardo ogni sorta di problematica privacy afferente, ad esempio, a rapporti col Personale, nuovi servizi e progetti di attivare.\n            <\/p>\n        <\/div>\n    <\/div>\n    <div class=\"servicebox\">\n        <img decoding=\"async\" class=\"serviceimg\" src=\"\/wp-content\/uploads\/2024\/01\/Pic-2.png\" \/>\n        <div class=\"service\">\n            <span class=\"titolo\"> Formazione <\/span>\n            <p class=\"anteprima\">\n                Formazione sincrona e asincrona mediante la nostra piattaforma in cloud \n            <\/p>\n            <p class=\"descrizione\">\n                Con la nostra formazione, sia sincrona che asincrona o mista, prepariamo il tuo personale ad affrontare la normativa sulla privacy ed il GDPR in modo efficace e sicuro. I nostri programmi permettono di acquisire rapidamente le conoscenze di base e di rafforzare progressivamente la consapevolezza del GDPR. Grazie alla modularit\u00e0 dei nostri corsi, possiamo costruire iter formativi personalizzati per soddisfare le specifiche esigenze della tua azienda. Tutti i nostri corsi sono progettati da esperti consulenti GDPR e si basano su analisi concrete delle esigenze aziendali e delle prescrizioni normative. \n            <\/p>\n        <\/div>\n    <\/div>\n    <div class=\"servicebox\">\n        <img decoding=\"async\" class=\"serviceimg\" src=\"\/wp-content\/uploads\/2024\/01\/Pic-3.png\" \/>\n        <div class=\"service\">\n            <span class=\"titolo\"> Privacy Assistant <\/span>\n            <p class=\"anteprima\">\n                Una risorsa dedicata per la corretta gestione della documentazione privacy\n            <\/p>\n            <p class=\"descrizione\">\n                Offriamo l'assistenza di un consulente dedicato che ti affiancher\u00e0 nella stesura e nella gestione della documentazione privacy aziendale.\n            <\/p>\n        <\/div>\n    <\/div>\n<\/div>\n\n<style>\n#servicesContainer {\n    display: grid;\n    grid-template-columns: repeat(12, 1fr);\n    gap: 5px;\n}\n.servicebox {\n    grid-column: span 6;\n    order: 1;\n    border: 3px solid;\n    border-radius: 15px;\n    overflow: hidden;\n    cursor: pointer;\n}\n.serviceimg {\n    width: 100%;\n}\n.service {\n    background-color: #003676;\n    text-align: center;\n    height: 100%;\n    width: 100%;\n    padding: 5% 10%;\n    overflow: hidden;\n}\n.titolo{\n    color: white;\n    font-weight: 700;\n    font-size: 22px;\n}\n.anteprima{\n    color: white;\n    line-height: normal;\n}\n.descrizione{\n    display: none;\n}\n.active{\n    order: 0;\n    grid-column: span 12;\n}\n.full{\n    height: 100%;\n}\n.w-30{\n    grid-column: span 4;\n}\n@media only screen and (max-width: 900px) {\n    .w-30{\n        grid-column: span 6;\n    }\n\n}\n@media only screen and (max-width: 575px) {\n    .w-30{\n        grid-column: span 12;\n    }\n    .servicebox {\n    grid-column: span 12;\n    }\n\n}\n<\/style>\n\n<script>\n    jQuery(document).ready(function($) {\n\n    $(\".servicebox\").on(\"click\", function() {\n        $(\".servicebox\").removeClass('active').addClass('w-30');\n        $(\".service\").removeClass('full');\n        $(\".serviceimg\").show();\n        $('.anteprima').show();\n        $('.descrizione').hide();\n        $(this).addClass('active').removeClass('w-30');\n        $(this).find('.service').addClass('full');\n        $(this).find('.serviceimg').hide();\n        $(this).find('.anteprima').hide();\n        $(this).find('.descrizione').show();\n        $([document.documentElement, document.body]).animate({\n            scrollTop: $(\".servicebox.active\").offset().top\n        }, 1000);\n    });\n});\n<\/script><div class=\"fusion-text fusion-text-2\" style=\"--awb-text-color:var(--awb-color7);\"><h4 style=\"text-align: center;\">Hai ancora delle domande?<\/h4>\n<p style=\"text-align: center;\">Inviaci le tue richieste attraverso il form dedicato, clicca su <strong>COMPILA <\/strong>per procedere<\/p>\n<\/div><div style=\"text-align:center;\"><a class=\"fusion-button button-flat fusion-button-default-size button-default fusion-button-default button-1 fusion-button-default-span fusion-button-default-type\" target=\"_self\" href=\"https:\/\/oneseal.eu\/home#formhome\"><span class=\"fusion-button-text awb-button__text awb-button__text--default\">COMPILA<\/span><\/a><\/div><div class=\"fusion-separator fusion-full-width-sep\" style=\"align-self: center;margin-left: auto;margin-right: auto;margin-top:20px;margin-bottom:20px;width:100%;\"><div class=\"fusion-separator-border sep-single sep-solid\" style=\"--awb-height:20px;--awb-amount:20px;--awb-sep-color:var(--awb-color7);border-color:var(--awb-color7);border-top-width:2px;\"><\/div><\/div><\/div><\/div><\/div><\/div><div class=\"fusion-fullwidth fullwidth-box fusion-builder-row-2 fusion-flex-container has-pattern-background has-mask-background nonhundred-percent-fullwidth non-hundred-percent-height-scrolling\" style=\"--awb-border-radius-top-left:0px;--awb-border-radius-top-right:0px;--awb-border-radius-bottom-right:0px;--awb-border-radius-bottom-left:0px;--awb-flex-wrap:wrap;\" ><div class=\"fusion-builder-row fusion-row fusion-flex-align-items-flex-start fusion-flex-content-wrap\" style=\"max-width:1248px;margin-left: calc(-4% \/ 2 );margin-right: calc(-4% \/ 2 );\"><div class=\"fusion-layout-column fusion_builder_column fusion-builder-column-1 fusion_builder_column_1_1 1_1 fusion-flex-column\" style=\"--awb-bg-size:cover;--awb-width-large:100%;--awb-margin-top-large:0px;--awb-spacing-right-large:1.92%;--awb-margin-bottom-large:20px;--awb-spacing-left-large:1.92%;--awb-width-medium:100%;--awb-order-medium:0;--awb-spacing-right-medium:1.92%;--awb-spacing-left-medium:1.92%;--awb-width-small:100%;--awb-order-small:0;--awb-spacing-right-small:1.92%;--awb-spacing-left-small:1.92%;\"><div class=\"fusion-column-wrapper fusion-column-has-shadow fusion-flex-justify-content-flex-start fusion-content-layout-column\"><\/div><\/div><\/div><\/div><\/p>\n","protected":false},"excerpt":{"rendered":"","protected":false},"author":2,"featured_media":0,"parent":0,"menu_order":0,"comment_status":"closed","ping_status":"closed","template":"100-width.php","meta":{"footnotes":""},"class_list":["post-292","page","type-page","status-publish","hentry"],"yoast_head":"<!-- This site is optimized with the Yoast SEO plugin v27.1.1 - https:\/\/yoast.com\/product\/yoast-seo-wordpress\/ -->\n<title>Privacy Governance - Oneseal<\/title>\n<meta name=\"robots\" content=\"index, follow, max-snippet:-1, max-image-preview:large, max-video-preview:-1\" \/>\n<link rel=\"canonical\" href=\"https:\/\/oneseal.eu\/home\/privacy-governance\/\" \/>\n<meta property=\"og:locale\" content=\"it_IT\" \/>\n<meta property=\"og:type\" content=\"article\" \/>\n<meta property=\"og:title\" content=\"Privacy Governance - Oneseal\" \/>\n<meta property=\"og:url\" content=\"https:\/\/oneseal.eu\/home\/privacy-governance\/\" \/>\n<meta property=\"og:site_name\" content=\"Oneseal\" \/>\n<meta property=\"article:modified_time\" content=\"2024-06-19T10:36:50+00:00\" \/>\n<meta name=\"twitter:card\" content=\"summary_large_image\" \/>\n<meta name=\"twitter:label1\" content=\"Tempo di lettura stimato\" \/>\n\t<meta name=\"twitter:data1\" content=\"3 minuti\" \/>\n<script type=\"application\/ld+json\" class=\"yoast-schema-graph\">{\"@context\":\"https:\/\/schema.org\",\"@graph\":[{\"@type\":\"WebPage\",\"@id\":\"https:\/\/oneseal.eu\/home\/privacy-governance\/\",\"url\":\"https:\/\/oneseal.eu\/home\/privacy-governance\/\",\"name\":\"Privacy Governance - Oneseal\",\"isPartOf\":{\"@id\":\"https:\/\/oneseal.eu\/home\/#website\"},\"datePublished\":\"2024-01-09T19:50:07+00:00\",\"dateModified\":\"2024-06-19T10:36:50+00:00\",\"breadcrumb\":{\"@id\":\"https:\/\/oneseal.eu\/home\/privacy-governance\/#breadcrumb\"},\"inLanguage\":\"it-IT\",\"potentialAction\":[{\"@type\":\"ReadAction\",\"target\":[\"https:\/\/oneseal.eu\/home\/privacy-governance\/\"]}]},{\"@type\":\"BreadcrumbList\",\"@id\":\"https:\/\/oneseal.eu\/home\/privacy-governance\/#breadcrumb\",\"itemListElement\":[{\"@type\":\"ListItem\",\"position\":1,\"name\":\"Home\",\"item\":\"https:\/\/oneseal.eu\/home\/\"},{\"@type\":\"ListItem\",\"position\":2,\"name\":\"Privacy Governance\"}]},{\"@type\":\"WebSite\",\"@id\":\"https:\/\/oneseal.eu\/home\/#website\",\"url\":\"https:\/\/oneseal.eu\/home\/\",\"name\":\"Oneseal\",\"description\":\"eventuale sottotitolo\",\"potentialAction\":[{\"@type\":\"SearchAction\",\"target\":{\"@type\":\"EntryPoint\",\"urlTemplate\":\"https:\/\/oneseal.eu\/home\/?s={search_term_string}\"},\"query-input\":{\"@type\":\"PropertyValueSpecification\",\"valueRequired\":true,\"valueName\":\"search_term_string\"}}],\"inLanguage\":\"it-IT\"}]}<\/script>\n<!-- \/ Yoast SEO plugin. -->","yoast_head_json":{"title":"Privacy Governance - Oneseal","robots":{"index":"index","follow":"follow","max-snippet":"max-snippet:-1","max-image-preview":"max-image-preview:large","max-video-preview":"max-video-preview:-1"},"canonical":"https:\/\/oneseal.eu\/home\/privacy-governance\/","og_locale":"it_IT","og_type":"article","og_title":"Privacy Governance - Oneseal","og_url":"https:\/\/oneseal.eu\/home\/privacy-governance\/","og_site_name":"Oneseal","article_modified_time":"2024-06-19T10:36:50+00:00","twitter_card":"summary_large_image","twitter_misc":{"Tempo di lettura stimato":"3 minuti"},"schema":{"@context":"https:\/\/schema.org","@graph":[{"@type":"WebPage","@id":"https:\/\/oneseal.eu\/home\/privacy-governance\/","url":"https:\/\/oneseal.eu\/home\/privacy-governance\/","name":"Privacy Governance - Oneseal","isPartOf":{"@id":"https:\/\/oneseal.eu\/home\/#website"},"datePublished":"2024-01-09T19:50:07+00:00","dateModified":"2024-06-19T10:36:50+00:00","breadcrumb":{"@id":"https:\/\/oneseal.eu\/home\/privacy-governance\/#breadcrumb"},"inLanguage":"it-IT","potentialAction":[{"@type":"ReadAction","target":["https:\/\/oneseal.eu\/home\/privacy-governance\/"]}]},{"@type":"BreadcrumbList","@id":"https:\/\/oneseal.eu\/home\/privacy-governance\/#breadcrumb","itemListElement":[{"@type":"ListItem","position":1,"name":"Home","item":"https:\/\/oneseal.eu\/home\/"},{"@type":"ListItem","position":2,"name":"Privacy Governance"}]},{"@type":"WebSite","@id":"https:\/\/oneseal.eu\/home\/#website","url":"https:\/\/oneseal.eu\/home\/","name":"Oneseal","description":"eventuale sottotitolo","potentialAction":[{"@type":"SearchAction","target":{"@type":"EntryPoint","urlTemplate":"https:\/\/oneseal.eu\/home\/?s={search_term_string}"},"query-input":{"@type":"PropertyValueSpecification","valueRequired":true,"valueName":"search_term_string"}}],"inLanguage":"it-IT"}]}},"_links":{"self":[{"href":"https:\/\/oneseal.eu\/home\/wp-json\/wp\/v2\/pages\/292","targetHints":{"allow":["GET"]}}],"collection":[{"href":"https:\/\/oneseal.eu\/home\/wp-json\/wp\/v2\/pages"}],"about":[{"href":"https:\/\/oneseal.eu\/home\/wp-json\/wp\/v2\/types\/page"}],"author":[{"embeddable":true,"href":"https:\/\/oneseal.eu\/home\/wp-json\/wp\/v2\/users\/2"}],"replies":[{"embeddable":true,"href":"https:\/\/oneseal.eu\/home\/wp-json\/wp\/v2\/comments?post=292"}],"version-history":[{"count":64,"href":"https:\/\/oneseal.eu\/home\/wp-json\/wp\/v2\/pages\/292\/revisions"}],"predecessor-version":[{"id":1079,"href":"https:\/\/oneseal.eu\/home\/wp-json\/wp\/v2\/pages\/292\/revisions\/1079"}],"wp:attachment":[{"href":"https:\/\/oneseal.eu\/home\/wp-json\/wp\/v2\/media?parent=292"}],"curies":[{"name":"wp","href":"https:\/\/api.w.org\/{rel}","templated":true}]}}